3224 + -2260. List the prime factors of h.
2, 241
Suppose -10*s - 10058 = -43978. List the prime factors of s/5 - (-108)/180.
7, 97
Let r = 752 - 692. Suppose -25*c = -r*c + 47180. What are the prime factors of c?
2, 337
Let h(i) = -i**2 - 7*i + 1814. Let p be h(0). Suppose 4*c = p + 1450. Suppose -c = w - 4*w. What are the prime factors of w?
2, 17
Suppose -172 = 3*m - 187. Suppose -o + 3978 = -16*n + 21*n, 3982 = m*n - o. List the prime factors of n.
2, 199
Suppose 31*j - 2023 = 24*j. Suppose 1103 = 2*b + j. What are the prime factors of b?
11, 37
Suppose 4506*o = 4510*o - 111020. List the prime factors of o.
5, 7, 13, 61
Let m = 72251 + -32478. What are the prime factors of m?
31, 1283
Suppose 0 = 3*l + 4*a - 19290, -4*a + 12852 = 8*l - 6*l. List the prime factors of l.
2, 3, 29, 37
Suppose -13*p + 5*g = -11*p - 116, -2*g + 4 = 0. Suppose -447 = -2*s + p. What are the prime factors of s?
3, 5, 17
Suppose 0 = 29*i - 31*i - 10, 3169 = x + 3*i. What are the prime factors of x?
2, 199
Let m = 1 - 1. Let k be -10 + -6 + 252/12. Suppose m = 4*u + 3*t - 859 + 13, -4*u + 830 = -k*t. What are the prime factors of u?
2, 3, 5, 7
Let j(i) = -i**3 + 66*i**2 - 34*i - 1154. List the prime factors of j(48).
2, 23, 29
Let r = 150 - 90. Suppose 4*w + r - 48 = 0. What are the prime factors of (1593/15 - 1/5) + w?
103
Let v(a) = 905*a - 1631. List the prime factors of v(9).
2, 3257
Suppose 10*g - 4*g = 48. Let l be (-2)/g - (143199/(-36))/7. What are the prime factors of 2/(-9 + 3) + l/3?
3, 7
Let w = -1449 + 1450. Let g(b) be the second derivative of 21*b**3/2 + 3*b**2/2 + b. What are the prime factors of g(w)?
2, 3, 11
Let g(o) = -80*o - 3. Let z = -3 + 1. Let u be z/(-5) + -4 + (-52)/(-20). What are the prime factors of g(u)?
7, 11
Let g = 17 - 38. Let b be (-19 + -169)*(3 - 0)/1. List the prime factors of b/g - (-1)/7.
3
Suppose -5*h + 4*s = -26120 - 78321, 2*h - s - 41777 = 0. What are the prime factors of h?
3, 11, 211
Suppose 0 = 112*m - 57*m - 240185. List the prime factors of m.
11, 397
Suppose 0 = -2*p + 3*h + 4, -2*h + 5 + 3 = -4*p. Let m be (0 - -1)*p + (21 - 17). Suppose m = -2*z + 369 - 23. What are the prime factors of z?
173
Let d(h) = 16*h + 6. Let p(i) = i - 18. Let n be p(19). Let x be d(n). Suppose -19*q + x*q = 78. What are the prime factors of q?
2, 13
Suppose 3*v - 3 = 0, 4*o + 2 + 33 = -v. What are the prime factors of 4/(24/o) - 1524/(-8)?
3, 7
Let m = -70 + 131. Suppose 35378 = -m*d + 117362. What are the prime factors of d?
2, 3, 7
Let m be (-37)/74 - (-74)/4. What are the prime factors of 5650/3 + (-11 - (-192)/m)?
7, 269
Suppose 0 = -n - 18 - 23. Let u = n + -24. Let i = u + 222. List the prime factors of i.
157
List the prime factors of (-96869)/(-7) - 51/833*7.
2, 11, 17, 37
Let w(f) = -637*f + 4879. What are the prime factors of w(-85)?
2, 7, 17, 31
Let b(o) = -25*o + 4841. What are the prime factors of b(-6)?
7, 23, 31
Suppose 2*c + 10 = 4*o, 5*o - 2*c - 2*c = 11. Let x be 0/(o + (3 - 2)). Suppose -8*q - 42 + 1538 = x. List the prime factors of q.
11, 17
Let p(g) be the second derivative of 2*g**3/3 + 23*g**2/2 + 20*g. Let u be p(-5). Let q(r) = r**3 + r**2 - 4*r - 7. List the prime factors of q(u).
17
Let d(h) = 18*h**2 - 60*h + 102. List the prime factors of d(-14).
2, 3, 5, 149
Suppose 5*r = -35, 3*u - 11794 - 47092 = -r. List the prime factors of u.
67, 293
Let f(m) = -3*m**2 - 21*m + 5. Let o be f(-7). Suppose -o*u + 5*c + 858 = -u, -2 = c. List the prime factors of u.
2, 53
Let k = -104 - -119. Suppose 48*t - 45*t = k. List the prime factors of (1 - -7 - (t + -1)) + 14.
2, 3
Suppose i - 3*z = 2*i + 5330, 2*z = 10. Let a = -3744 - i. List the prime factors of a.
1601
Suppose 4*p = 10 - 2. Let l be (-5)/(-2) - ((-15)/6 + p). Suppose -l*s = 3*f + 2*f - 163, -3*s = -3*f - 195. What are the prime factors of s?
61
Let t be 2028/84 + -1 + (-1)/7. Suppose -t*v - 3*v + 5408 = 0. List the prime factors of v.
2, 13
Let c(m) = 39*m**2 - 26*m + 763. What are the prime factors of c(19)?
2, 17, 211
Let b(o) = 4*o + 14. Let g be b(9). Let x = g + -50. Suppose x = -p - 5 + 123. What are the prime factors of p?
2, 59
List the prime factors of ((-4080)/100 - -36)/((-4)/15750).
2, 3, 5, 7
Let l(f) = 3*f**3 + 8*f**2 - 4*f + 12. Let w be l(-4). What are the prime factors of 6/(-36) + (-2742)/w?
2, 19
Let o = 536 - -9829. List the prime factors of o.
3, 5, 691
Suppose 5*a + 66 - 166 = 0. Let f = -24 + a. Let t(d) = -3*d**3 - 3*d**2 - 3*d - 8. List the prime factors of t(f).
2, 37
Suppose f - 3*z - 26011 = 0, 10*f - 26016 = 9*f + 4*z. List the prime factors of f.
2, 67, 97
Let a(x) = -26*x**3 - 14*x**2 + 104*x + 1319. List the prime factors of a(-12).
53, 811
Let q(p) be the third derivative of 7*p**5/60 - p**4/8 - p**3/6 - 23*p**2. What are the prime factors of q(-3)?
71
Let x be (3 + 0 + 2)*(-8)/(-20). Let o be ((-284)/x)/(-6*(-4)/12). Let b = o + 198. List the prime factors of b.
127
Let x(h) = h**3 - 24*h**2 + h - 20. Let d be x(24). Suppose -d*r + 3*j = -2*r - 2, -2*j = -5*r + 5. Suppose r = -f + 66. List the prime factors of f.
5, 13
Suppose 11*t - 79280 = -5*t + 6*t. What are the prime factors of t?
2, 991
Let g = -4848 + 10147. What are the prime factors of g?
7, 757
Let v(d) = -2*d - 13. Let n be v(-11). Suppose -3*i + 27 = -n. What are the prime factors of i?
2, 3
Suppose 10*q - 72 = 28. Suppose -10*l = q*l - 4440. List the prime factors of l.
2, 3, 37
Suppose -5*i = -2*a - 1 - 11, 3*a = -3. Suppose r + u = 92, -5*r - u = i*u - 452. List the prime factors of (r/(-6))/((-6)/36).
2, 11
Suppose w = 3*b - 41515, 99*w - 97*w = -4*b + 55370. What are the prime factors of b?
2, 5, 173
Let s be 1/(((-3)/1)/(-30)). Suppose -2*o + 7*o - s = 0. Suppose o*j - 69 = 103. What are the prime factors of j?
2, 43
Suppose 3*l - 324 = -3*c, -c + 91 = -5*l - 11. Suppose 4*n - 2*y = -94, 0 = 3*n - 3*y + 41 + 28. Let a = c + n. List the prime factors of a.
83
Suppose 88 = 15*o - 7*o. Suppose 1568 = 5*i - 2*m, m = -7*i + o*i - 1255. What are the prime factors of i?
2, 157
Let n = -323 + 323. Suppose -y - 4*h + 605 = n, 646 + 1756 = 4*y - 2*h. List the prime factors of y.
601
Suppose -4*j + 28837 = -r, j + 2*r - 7206 = -r. What are the prime factors of j?
3, 89
Let v(x) = x**3 + 6*x**2 + 3*x + 1. Let u be v(-5). Let i(a) = -12*a - 1 - u - 11. List the prime factors of i(-13).
7, 19
Let v = -13 + 20. Suppose -v*d = 2*d - 3510. List the prime factors of d.
2, 3, 5, 13
Suppose -4*n = -0*k + 2*k - 10, k = -3*n + 9. Suppose -25 = -w - n*r + 5, 40 = 4*w - 4*r. Suppose 17 = q - w. List the prime factors of q.
31
List the prime factors of ((9 + -24)/(-5))/(-1*(-3)/7299).
3, 811
Let w = -667 - -504. Let v = w + 247. List the prime factors of v.
2, 3, 7
Let v(o) = 2*o**2 - 15*o**2 + 17*o**3 - 18*o**3. Let g be v(-13). Suppose g = 4*r - 33 - 135. List the prime factors of r.
2, 3, 7
Suppose 0 = 10*w - 3*w + 7. Let g = 9 + w. Suppose -147 = g*y - 595. What are the prime factors of y?
2, 7
List the prime factors of ((-21910)/4 - -5)*(-20)/25.
2, 11, 199
Suppose -5*r + d = -r - 42, 4*d = -8. Let t be ((-25)/r)/((-1)/(-32)) - -4. Let m = -57 - t. What are the prime factors of m?
19
Let q(j) = j**3 + 10*j**2 - 20*j - 7. Let r be q(-9). Let h = r + -129. What are the prime factors of -3 + 4 + h + -1?
5
Suppose -56*u = -12*u. Suppose u = 49*w + 14*w - 21105. What are the prime factors of w?
5, 67
Let z be (-16544)/220*(-45)/(-2). Let y = z - -2421. What are the prime factors of y?
3
Let r(m) = -372*m - 3. Let x be r(-2). Suppose 750 = -7*d - x. Let z = d - -298. What are the prime factors of z?
5, 17
Let m(t) be the first derivative of -51*t**2 + 67*t + 7. List the prime factors of m(-5).
577
Let d(x) = 53*x + 15. Let s be d(3). Suppose -170*m = -s*m + 904. List the prime factors of m.
2, 113
Suppose 0 = -4*i + 2*t + 812, 0*t - 836 = -4*i - 4*t. List the prime factors of i.
5, 41
Let g = 4627 - -4361. Suppose -529*w + g = -515*w. What are the prime factors of w?
2, 3, 107
Suppose 5*w + 160 = 5*q, -53 = 4*q + 3*w - 167. List the prime factors of (2004/q)/(0 - (-3)/30).
2, 167
Let t = 32612 - -5942. What are the prime factors of t?
2, 37, 521
Let l(y) = y**3 + 4*y**2 - 12*y + 2. Let f be l(-6). Suppose b = -4*q + f*q + 502, 490 = b - 4*q. List the prime factors of b.
2, 3, 8